) = 5*h. Let d be 6/(-12) + 26/4. Suppose -3*o = 6, -2*o + d*o + 11 = 3*g. What is the units digit of b(g)?
5
Let j = 631 + -441. What is the hundreds digit of j?
1
Suppose l = 3*l + 6, 17 = -4*t - 3*l. Let o be 6*(t - -3)/(-1). Let a(y) = y**3 + 7*y**2 + 3*y - 8. What is the units digit of a(o)?
0
Let h = 488 + -95. What is the tens digit of h?
9
Suppose -2*b = -2*c + 140, 5*c + 5*b = 2*b + 310. What is the tens digit of c?
6
Suppose -7*t - 13 = 4*a - 2*t, -5*t - 11 = 3*a. Let g be -7 + a - (-1 - 1). Let l = g + 11. What is the units digit of l?
4
Suppose -4*b = -v - 0*v + 66, -5*b - 84 = -2*v. Let k = b - -29. What is the tens digit of k?
1
Let t be (-30)/(6/(9/(-3))). Suppose 2*q = -3 + t. What is the units digit of q?
6
Suppose 1 = -b - 6. What is the units digit of 468/21 - (-2)/b?
2
Let r(m) = m + m + m**3 - m + 8 + 6*m**2. Let j be r(-6). Suppose o + h - 2 = 0, -j*o + 19 = h - 4*h. What is the units digit of o?
5
Suppose -z + 2 = -1. Suppose 41 + 4 = 3*i. Let n = i + z. What is the units digit of n?
8
Let a be 2/(-6) + (-165)/(-9). Let r = 62 - a. Let c = r - 31. What is the units digit of c?
3
Let j = 29 + -14. What is the tens digit of j?
1
Let p = -1 + 71. Suppose 4*u + 12 = 2*y + p, -y = 3. What is the units digit of u?
3
Suppose -2*i - 3 = 5*p, 4*i - 6*p - 39 = -p. What is the units digit of (2 + (4 - 2))*i?
4
Let r(i) = -15*i**2 + 2*i + 1. Let o be r(-1). Let q = o - -22. What is the units digit of q?
6
Suppose 158 + 122 = 5*d. Let f = d - 21. What is the tens digit of f?
3
Let j(k) = 2*k + 3. Let m(s) = -s**3 - 3*s**2 - 4. Let o be m(-3). Let q be j(o). What is the units digit of 2 + -1 + 1 - q?
7
Let r(z) = -9*z - 13. What is the tens digit of r(-8)?
5
Suppose -4*z - 5*r = 13 + 11, -z - 31 = -5*r. Let p = z + 21. What is the tens digit of p?
1
Let f be (-6)/(-3) + (-2 - -4). Suppose f*s + 8 = -2*x, 6 = 5*s - 3*x - 6. Let d = 2 + s. What is the units digit of d?
2
Suppose -i - 78 = -3*l, -2*i = -4*l + 3*i + 104. What is the units digit of l?
6
Let s(z) = z**2 - 5*z - 7. Let t be s(5). Let l be (-22)/4*(-1 - -3). Let w = t - l. What is the units digit of w?
4
What is the tens digit of (-60)/(-14)*(0 + 21)?
9
Let q(w) = 6*w + 1 - w**2 + 4*w - 5. What is the units digit of q(7)?
7
Let m be (-1)/(2 + 3 + -6). What is the units digit of 0 + m + 17 + 2?
0
Let p(v) = -v**2 - 8*v - 8. Let m = 8 - 14. Let z be p(m). Suppose z*r = 28 + 12. What is the tens digit of r?
1
Let s(l) = -l**3 + 15*l**2 + l + 16. What is the tens digit of s(15)?
3
Suppose 2*t - 34 = t - u, 0 = 2*u + 4. What is the tens digit of t?
3
Let r(u) = 56*u - 15. What is the hundreds digit of r(3)?
1
Suppose 0*u = -3*u - 9. Let g = u - -1. What is the tens digit of 1 - 48/(-1 + g)?
1
Suppose -3*g + 5*s - 24 = -0*s, -g + 3 = 2*s. What is the units digit of (-4 + 0 + g)/(-1)?
7
Suppose -2*y - 2*d + 14 = 0, -3*y - d + 27 = 2*y. Suppose -63 + 8 = -y*c. What is the units digit of c?
1
Suppose 0 = 7*h - 2*h. Let f(n) = n**2 + n + 2. Let y be f(h). Suppose 22 = y*t - 0. What is the tens digit of t?
1
Suppose 13*x = 10*x. Suppose r - 1 = -x. What is the units digit of r?
1
Let s be (9/(-6))/((-3)/(-4)). Let h = s + 2. What is the units digit of (-1 + 0)*-1 - h?
1
Let h(x) = -9*x**3 + x**2 - x - 1. Suppose 3*t = 3*k - 12, 4*t + 9 = -5*k - 16. What is the tens digit of h(k)?
1
Let h(o) = o**3 - 8*o**2 - o. Let q be h(7). What is the units digit of (-1696)/q + 4/(-14)?
0
Suppose -7*z = -3*z - 16. Suppose -z + 8 = i + v, 3*i - v = 24. Let s = 0 + i. What is the units digit of s?
7
Let q = -49 - -59. What is the tens digit of q?
1
Let u(z) = z + 46. What is the units digit of u(10)?
6
Let g = -112 + 201. What is the units digit of g?
9
Let c = -33 + 233. What is the tens digit of c?
0
Suppose -5*h + 3*y - 53 = 0, -5*h + 2*y - 70 = -13. Let s = h - -18. Let n = 9 - s. What is the units digit of n?
4
Let w(v) = v + 11. Let b(l) = l + 18. Let s be b(-13). What is the tens digit of w(s)?
1
Suppose 19 = -5*b - 26. Let k be (-2)/9 + (-38)/b. Suppose -k*t = -0*t - 16. What is the units digit of t?
4
Let f(y) = -y**2 - 8*y - 6. Let x be f(-7). Suppose 28 = a + x. What is the units digit of a?
7
Suppose 0 = n - 2 - 3. Suppose q = -6*r + 3*r + 22, 0 = -r - n*q + 26. Let y = r - 4. What is the units digit of y?
2
Let g = 52 + -157. What is the units digit of (4/(-6))/(14/g)?
5
Let u = 4 + 15. Suppose -5*q - u = -3*v, -4*q = -v + 3 + 8. What is the units digit of v?
3
Let l = -71 - -186. What is the units digit of l?
5
Let z(o) = -94 + o + 96 + 4*o. What is the tens digit of z(2)?
1
Suppose -24 = 3*y - 93. Let t = -16 + y. What is the units digit of t?
7
Let y(t) = t**3 + 5*t**2 + 3*t - 2. Let h be y(-3). Let c be h/(-5) + (-6)/(-15). What is the units digit of -2 + -1 + c + 14?
0
Let h = -2 + 3. Let i(k) = -k**3 - 11*k**2 - 10*k + 6. Let u be i(-10). What is the units digit of (u/h + -1)/1?
5
Let u(v) = 2*v - 9. Let z(d) = -d**2 - d + 51. Let p be z(0). Let n be p/6 - 1/(-2). What is the units digit of u(n)?
9
Suppose 0*p + 4*p = -5*t - 1, 2*p = -3*t + 1. Let c = t + 4. Let w = -5 + c. What is the units digit of w?
2
Let u = 9 + -2. Suppose p + 5 - u = 0. What is the units digit of p?
2
Let v be (4 + 1)*36/30. What is the units digit of 296/24 + 4/v?
3
Let b(z) = -15*z - 9. Let m be b(-6). Suppose -m = -4*h + x, -5*x + 3*x - 10 = 0. What is the tens digit of h?
1
What is the units digit of (-45)/27*27/(-1)?
5
Suppose 2*n + 33 = 3*o - n, -30 = -2*o + 4*n. Let t(j) = 1 + 2*j + 11 - o. What is the tens digit of t(4)?
1
Suppose 8*o + 5*p + 170 = 3*o, -5*p - 54 = o. Let t = o - -47. What is the tens digit of t?
1
Suppose -10 = -2*w - 0*w. Let m(l) = l**3 + 5*l**2 - 7*l - 1. Let r be m(-6). Suppose 0 = -r*o + 1 - 11, 3*x = w*o + 13. What is the units digit of x?
1
Let m = 94 - 57. What is the tens digit of m?
3
Suppose 16 = -0*r + 4*r. Suppose -r*i + 11 - 3 = 0. Suppose -6*v = -i*v - 40. What is the tens digit of v?
1
Let v = 53 + -19. What is the units digit of v?
4
Suppose -10*a + 48 = -6*a. What is the tens digit of a?
1
Let f be 0 - (-3)/3*-2. Let d be f/((4/(-3))/2). Suppose d*c = -c + 8. What is the units digit of c?
2
Let z = -4 - -9. Suppose z*i = 2*i. Suppose 0 = 3*p - i*p + 4*t - 25, 0 = 5*p + 2*t - 23. What is the units digit of p?
3
Let d(u) = 31*u**2 - 1. Let n be d(1). What is the units digit of (-252)/n*(-5)/2?
1
Let m = -22 - -33. Let l = -10 + m. What is the units digit of l?
1
Let a = 13 + -2. What is the units digit of a?
1
Let c = 86 - 52. What is the units digit of c?
4
Let d(y) = 23*y**2 - y + 5. What is the tens digit of d(4)?
6
Let j = 79 - 7. What is the units digit of j?
2
Let t(c) = 2*c**2 - 6*c + 5. Suppose q - 5*q = -16. What is the units digit of t(q)?
3
Let g(q) = q**3 + q**2 - q - 1. Let u(t) = 6*t**3 - 3*t - 5. Suppose 2 = -4*x + 6. Let b(s) = x*u(s) - 5*g(s). What is the units digit of b(5)?
0
Let w(h) = -h**3 - 10*h**2 + 3. Let o = -32 - -22. Let v be w(o). What is the units digit of (4 + -2)*v/2?
3
Let u = 142 + -88. What is the tens digit of u?
5
Suppose -6*g = -9*g + 420. What is the hundreds digit of g?
1
Let u(g) be the first derivative of -1/3*g**3 + 1/4*g**4 + 1/2*g**2 + 1 + 4*g. What is the units digit of u(0)?
4
Let v = -7 + 17. What is the tens digit of v?
1
Suppose 5*j - 23 = -v, -v - 5*j = -3*j - 11. Suppose -3*x - v*q = -105, 2*q - 32 = -5*x + 152. What is the tens digit of x?
3
Let m(y) = -y**2 + 10*y + 2. Suppose -a + 4 = -3. What is the tens digit of m(a)?
2
Let j = 25 + -35. Let z = -8 - j. What is the units digit of (-2 - 16)*(1 - z)?
8
Let c = -75 + 107. What is the tens digit of c?
3
Let a = 144 + -71. What is the tens digit of a?
7
Suppose 0*n + 2 = 2*n. What is the units digit of n?
1
Let z = 156 - 108. Suppose -4*m + z = -m. What is the tens digit of m?
1
Let r(g) = g**3 - 3*g**2 + g - 1. Let b be r(2). Let o be (-2 - -5)/b - -9. Let s = -1 + o. What is the units digit of s?
7
Let x = 8 - 2. What is the units digit of (2/x)/(3/63)?
7
Let u(r) = r**2 - r - 2. Let q be u(2). Let g(b) = -2*b + q*b + 4 - b. What is the tens digit of g(-5)?
1
Suppose 0 = v - 116 + 42. What is the tens digit of v?
7
What is the units digit of 1/((-83)/21 - -4)?
1
Suppose -31 = -31*m + 30*m. What is the tens digit of m?
3
Let t be 186/4*12/18. Suppose -5*k = -81 